{"id":3384,"date":"2021-01-20T10:59:15","date_gmt":"2021-01-20T12:59:15","guid":{"rendered":"http:\/\/goiana.pe.leg.br\/?page_id=48"},"modified":"2021-01-20T10:59:15","modified_gmt":"2021-01-20T12:59:15","slug":"hino-do-municipio","status":"publish","type":"page","link":"https:\/\/goiana.pe.leg.br\/portal\/?page_id=3384","title":{"rendered":"Hino do Munic\u00edpio"},"content":{"rendered":"\n<figure class=\"wp-block-audio\"><audio controls src=\"http:\/\/goiana.pe.leg.br\/wp-content\/uploads\/2021\/02\/Hino-de-Goiana-1.mp3\"><\/audio><\/figure>\n\n\n\n<p>Hino de Goiana &#8211; PE<\/p>\n\n\n\n<p>Salve, Salve! Terra querida;<br>guarnecida de lindos flor\u00f5es<br>Ber\u00e7o augusto de her\u00f3is sublimados;<br>denodados, ilustres var\u00f5es!<br>Salve! A mais gloriosa trincheira<br>Da f\u00e9 brasileira no ardor varonil<\/p>\n\n\n\n<p>\u2013 onde nossa vov\u00f3 com o filho guapo,<br>Em Tejucupapo salvou o Brasil!<\/p>\n\n\n\n<p>Estribilho<br>Goiana!<br>Terra adorada,<br>sempre amada dos filhos teus!\u2026<br>Pela gl\u00f3ria<br>Do teu passado<br>\u00c9s um presente aben\u00e7oado de Deus.<\/p>\n\n\n\n<p>Se grandeza tens no passado;<br>Laureado \u00e9 teu nome atual!<br>\u2013 pelo grande valor dos teus filhos;<br>Pelo brilho do teu ideal!<br>Eia! Pois, com af\u00e3 laboremos;<br>Unidos marchemos \u2013 olhar no porvir!<br>Pois, somente ao calor das efus\u00f5es<br>T\u00e3o lindos flor\u00f5es h\u00e3o de sempre luzir!<\/p>\n\n\n\n<p><\/p>\n\n\n\n<p style=\"font-size:12px\"><strong>O Hino Municipal de Goiana, Pernambuco foi criado pela lei municipal n\u00ba 959, de 2 de setembro de 1966, na administra\u00e7\u00e3o do ex-prefeito Louren\u00e7o de Albuquerque Gadelha. Com a letra e m\u00fasica criadas por \u00c1lvaro Alvin da Anuncia\u00e7\u00e3o Guerra, que foi m\u00fasico da Banda Curica e Orquestra\u00e7\u00e3o feita pelo maestro Guedes Peixoto, que participou da Banda Saboeira.[1] O hino faz, em sua letra, alus\u00f5es a Batalha de Tejucupapo e a Revolu\u00e7\u00e3o Pernambucana.  Fonte: wikipedia<\/strong><\/p>\n\n\n\n<p><\/p>\n","protected":false},"excerpt":{"rendered":"<p>Hino de Goiana &#8211; PE Salve, Salve! Terra querida;guarnecida de lindos flor\u00f5esBer\u00e7o augusto de her\u00f3is sublimados;denodados, ilustres var\u00f5es!Salve! A mais gloriosa trincheiraDa f\u00e9 brasileira no ardor varonil \u2013 onde nossa vov\u00f3 com o filho guapo,Em Tejucupapo salvou o Brasil! EstribilhoGoiana!Terra adorada,sempre amada dos filhos teus!\u2026Pela gl\u00f3riaDo teu passado\u00c9s um presente aben\u00e7oado de Deus. Se grandeza&hellip; <a class=\"more-link\" href=\"https:\/\/goiana.pe.leg.br\/portal\/?page_id=3384\">Continue lendo <span class=\"screen-reader-text\">Hino do Munic\u00edpio<\/span><\/a><\/p>\n","protected":false},"author":1,"featured_media":0,"parent":0,"menu_order":0,"comment_status":"closed","ping_status":"closed","template":"","meta":{"_monsterinsights_skip_tracking":false,"_monsterinsights_sitenote_active":false,"_monsterinsights_sitenote_note":"","_monsterinsights_sitenote_category":0,"footnotes":""},"class_list":["post-3384","page","type-page","status-publish","hentry","entry"],"_links":{"self":[{"href":"https:\/\/goiana.pe.leg.br\/portal\/index.php?rest_route=\/wp\/v2\/pages\/3384","targetHints":{"allow":["GET"]}}],"collection":[{"href":"https:\/\/goiana.pe.leg.br\/portal\/index.php?rest_route=\/wp\/v2\/pages"}],"about":[{"href":"https:\/\/goiana.pe.leg.br\/portal\/index.php?rest_route=\/wp\/v2\/types\/page"}],"author":[{"embeddable":true,"href":"https:\/\/goiana.pe.leg.br\/portal\/index.php?rest_route=\/wp\/v2\/users\/1"}],"replies":[{"embeddable":true,"href":"https:\/\/goiana.pe.leg.br\/portal\/index.php?rest_route=%2Fwp%2Fv2%2Fcomments&post=3384"}],"version-history":[{"count":0,"href":"https:\/\/goiana.pe.leg.br\/portal\/index.php?rest_route=\/wp\/v2\/pages\/3384\/revisions"}],"wp:attachment":[{"href":"https:\/\/goiana.pe.leg.br\/portal\/index.php?rest_route=%2Fwp%2Fv2%2Fmedia&parent=3384"}],"curies":[{"name":"wp","href":"https:\/\/api.w.org\/{rel}","templated":true}]}}