{"id":3389,"date":"2021-01-20T11:08:34","date_gmt":"2021-01-20T14:08:34","guid":{"rendered":"http:\/\/goiana.pe.leg.br\/?page_id=73"},"modified":"2025-12-12T14:54:53","modified_gmt":"2025-12-12T14:54:53","slug":"ouvidoria-2","status":"publish","type":"page","link":"https:\/\/goiana.pe.leg.br\/portal\/?page_id=3389","title":{"rendered":"Ouvidoria Legislativa"},"content":{"rendered":"\n<figure class=\"wp-block-image aligncenter size-large is-resized\"><img loading=\"lazy\" decoding=\"async\" width=\"1024\" height=\"576\" src=\"https:\/\/goiana.pe.leg.br\/portal\/wp-content\/uploads\/2024\/05\/logo-png-1-1024x576.png\" alt=\"\" class=\"wp-image-232\" style=\"width:378px;height:auto\" srcset=\"https:\/\/goiana.pe.leg.br\/portal\/wp-content\/uploads\/2024\/05\/logo-png-1-1024x576.png 1024w, https:\/\/goiana.pe.leg.br\/portal\/wp-content\/uploads\/2024\/05\/logo-png-1-300x169.png 300w, https:\/\/goiana.pe.leg.br\/portal\/wp-content\/uploads\/2024\/05\/logo-png-1-768x432.png 768w, https:\/\/goiana.pe.leg.br\/portal\/wp-content\/uploads\/2024\/05\/logo-png-1-24x14.png 24w, https:\/\/goiana.pe.leg.br\/portal\/wp-content\/uploads\/2024\/05\/logo-png-1-36x20.png 36w, https:\/\/goiana.pe.leg.br\/portal\/wp-content\/uploads\/2024\/05\/logo-png-1-48x27.png 48w, https:\/\/goiana.pe.leg.br\/portal\/wp-content\/uploads\/2024\/05\/logo-png-1.png 1280w\" sizes=\"auto, (max-width: 1024px) 100vw, 1024px\" \/><\/figure>\n\n\n\n<p class=\"has-text-align-center\"><strong>Nesta se\u00e7\u00e3o, voc\u00ea tem acesso a Ouvidoria da C\u00e2mara Municipal de Goiana &#8211; PE<\/strong><\/p>\n\n\n\n<div class=\"wp-block-buttons is-horizontal is-content-justification-center is-layout-flex wp-container-core-buttons-is-layout-03627597 wp-block-buttons-is-layout-flex\">\n<div class=\"wp-block-button\"><a class=\"wp-block-button__link wp-element-button\" href=\"https:\/\/falabr.cgu.gov.br\/web\/PE\/Goiana\">Acesso a Ouvidoria<\/a><\/div>\n\n\n\n<div class=\"wp-block-button\"><a class=\"wp-block-button__link wp-element-button\" href=\"https:\/\/goiana.pe.leg.br\/portal\/?page_id=128\" target=\"_blank\" rel=\"noreferrer noopener\">Fale Conosco<\/a><\/div>\n\n\n\n<div class=\"wp-block-button\"><a class=\"wp-block-button__link wp-element-button\" href=\"https:\/\/goiana.pe.leg.br\/portal\/?page_id=4002\" target=\"_blank\" rel=\"noreferrer noopener\">Relat\u00f3rios<\/a><\/div>\n\n\n\n<div class=\"wp-block-button\"><a class=\"wp-block-button__link wp-element-button\" href=\"https:\/\/goiana.pe.leg.br\/portal\/?page_id=4005\" target=\"_blank\" rel=\"noreferrer noopener\">Ouvidor<\/a><\/div>\n<\/div>\n\n\n\n<p>A Ouvidoria da C\u00e2mara Municipal de Goiana, institu\u00edda pela Resolu\u00e7\u00e3o n\u00b0 1.655, de 12 de maio de 2021, tem o prop\u00f3sito de intermediar o di\u00e1logo com a popula\u00e7\u00e3o. Por meio dela, o cidad\u00e3o pode registrar den\u00fancias, elogios, reclama\u00e7\u00f5es, sugest\u00f5es, ou quaisquer outros pronunciamentos, desde que relacionados aos servi\u00e7os p\u00fablicos prestados pelo Poder legislativo goianense.<\/p>\n\n\n\n<p><strong>MISS\u00c3O<\/strong><\/p>\n\n\n\n<p>Como principal instrumento de comunica\u00e7\u00e3o a servi\u00e7o da sociedade, a Ouvidoria da C\u00e2mara Municipal de Goiana tem a miss\u00e3o de assegurar ao cidad\u00e3o o direito de&nbsp;se pronunciar perante o Poder Legislativo local acerca dos servi\u00e7os p\u00fablicos&nbsp;prestados \u00e0 popula\u00e7\u00e3o, e de incentivar a participa\u00e7\u00e3o da popula\u00e7\u00e3o goianense no aprimoramento e na transpar\u00eancia das atividades do Poder Legislativo Municipal, de modo a contribuir para o fortalecimento de suas fun\u00e7\u00f5es constitucionais e representativas.<\/p>\n\n\n\n<p>Para registrar um pronunciamento, o cidad\u00e3o deve clicar em um dos bot\u00f5es a seguir.<\/p>\n\n\n\n<p>Ap\u00f3s o envio da sua manifesta\u00e7\u00e3o, ele receber\u00e1 um n\u00famero de protocolo para acompanhar o status do seu processo.<\/p>\n\n\n\n<p><strong>CANAIS DE ATENDIMENTO DA OUVIDORIA DA C\u00c2MARA MUNICIPAL DE GOIANA<\/strong><\/p>\n\n\n\n<p>O registro de manifesta\u00e7\u00f5es deve ser realizado preferencialmente pela p\u00e1gina da Ouvidoria no site da C\u00e2mara Municipal de Goiana. Em caso de impossibilidade, o cidad\u00e3o poder\u00e1 faz\u00ea-lo pelos seguintes meios:<\/p>\n\n\n\n<p>\u00b7Postagem, em servi\u00e7o de correspond\u00eancia, direcionada \u00e0 Ouvidoria no endere\u00e7o da C\u00e2mara Municipal de Goiana-PE;<\/p>\n\n\n\n<p>\u00b7Presencialmente, dirigindo-se ao espa\u00e7o da Ouvidoria, situado no mesmo endere\u00e7o da C\u00e2mara Municipal de Goiana, e solicitando formul\u00e1rio impresso para ser preenchido.<\/p>\n\n\n\n<p><strong>EQUIPE OUVIDORIA<\/strong>:<\/p>\n\n\n\n<p>Cilene Magda Vasconcelos de Souza &#8211; <strong>Ouvidora<\/strong><\/p>\n\n\n\n<p><strong>Onde Estamos?<\/strong><\/p>\n\n\n\n<p>Av. Marechal Deodoro da Fonseca, n\u00b0 115, Centro, Goiana-PE<\/p>\n\n\n\n<p>CEP: 55.900-000<\/p>\n\n\n\n<p>Informa\u00e7\u00f5es: (81) 99334-0293<\/p>\n\n\n\n<p>Hor\u00e1rio de Funcionamento: 7h \u00e0s 13h<\/p>\n\n\n\n<p>E-mail: ouvidoria@goiana.pe.leg.br<\/p>\n\n\n\n<p>Nossos Servi\u00e7os<\/p>\n\n\n\n<p>SIC \u2013 Servi\u00e7o de Informa\u00e7\u00f5es ao Cidad\u00e3o e Ouvidoria<\/p>\n\n\n\n<p>Prazos detalhados:<\/p>\n\n\n\n<ul class=\"wp-block-list\">\n<li><strong>Manifesta\u00e7\u00f5es em geral:<\/strong>&nbsp;30 dias, com possibilidade de prorroga\u00e7\u00e3o por mais 30 dias, justificada.&nbsp;<\/li>\n<\/ul>\n\n\n\n<p>Legisla\u00e7\u00e3o<\/p>\n\n\n\n<p><a href=\"http:\/\/www.planalto.gov.br\/ccivil_03\/_ato2011-2014\/2011\/lei\/l12527.htm\" target=\"_blank\" rel=\"noreferrer noopener\">Lei n\u00b012.527\/2011<\/a><\/p>\n\n\n\n<p><a href=\"http:\/\/www.planalto.gov.br\/ccivil_03\/_ato2015-2018\/2017\/lei\/l13460.htm\" target=\"_blank\" rel=\"noreferrer noopener\">Lei n\u00ba 13.460\/2017<\/a><\/p>\n\n\n\n<p><a href=\"https:\/\/sapl.goiana.pe.leg.br\/media\/sapl\/public\/normajuridica\/2021\/378\/resolucao__162221.pdf\" target=\"_blank\" rel=\"noreferrer noopener\">Resolu\u00e7\u00e3o 1655\/2021<\/a><\/p>\n\n\n\n<p><a href=\"https:\/\/www.planalto.gov.br\/ccivil_03\/_Ato2011-2014\/2012\/Decreto\/D7724.htm\" target=\"_blank\" rel=\"noreferrer noopener\">Decreto n\u00ba 7.724<\/a><\/p>\n\n\n\n<p><a href=\"http:\/\/www.planalto.gov.br\/ccivil_03\/_Ato2023-2026\/2023\/Decreto\/D11527.htm\" target=\"_blank\" rel=\"noreferrer noopener\">Decreto n\u00ba 11.527<\/a><\/p>\n","protected":false},"excerpt":{"rendered":"<p>Nesta se\u00e7\u00e3o, voc\u00ea tem acesso a Ouvidoria da C\u00e2mara Municipal de Goiana &#8211; PE A Ouvidoria da C\u00e2mara Municipal de Goiana, institu\u00edda pela Resolu\u00e7\u00e3o n\u00b0 1.655, de 12 de maio de 2021, tem o prop\u00f3sito de intermediar o di\u00e1logo com a popula\u00e7\u00e3o. Por meio dela, o cidad\u00e3o pode registrar den\u00fancias, elogios, reclama\u00e7\u00f5es, sugest\u00f5es, ou quaisquer&hellip; <a class=\"more-link\" href=\"https:\/\/goiana.pe.leg.br\/portal\/?page_id=3389\">Continue lendo <span class=\"screen-reader-text\">Ouvidoria Legislativa<\/span><\/a><\/p>\n","protected":false},"author":1,"featured_media":0,"parent":0,"menu_order":0,"comment_status":"closed","ping_status":"closed","template":"","meta":{"_monsterinsights_skip_tracking":false,"_monsterinsights_sitenote_active":false,"_monsterinsights_sitenote_note":"","_monsterinsights_sitenote_category":0,"footnotes":""},"class_list":["post-3389","page","type-page","status-publish","hentry","entry"],"_links":{"self":[{"href":"https:\/\/goiana.pe.leg.br\/portal\/index.php?rest_route=\/wp\/v2\/pages\/3389","targetHints":{"allow":["GET"]}}],"collection":[{"href":"https:\/\/goiana.pe.leg.br\/portal\/index.php?rest_route=\/wp\/v2\/pages"}],"about":[{"href":"https:\/\/goiana.pe.leg.br\/portal\/index.php?rest_route=\/wp\/v2\/types\/page"}],"author":[{"embeddable":true,"href":"https:\/\/goiana.pe.leg.br\/portal\/index.php?rest_route=\/wp\/v2\/users\/1"}],"replies":[{"embeddable":true,"href":"https:\/\/goiana.pe.leg.br\/portal\/index.php?rest_route=%2Fwp%2Fv2%2Fcomments&post=3389"}],"version-history":[{"count":16,"href":"https:\/\/goiana.pe.leg.br\/portal\/index.php?rest_route=\/wp\/v2\/pages\/3389\/revisions"}],"predecessor-version":[{"id":4093,"href":"https:\/\/goiana.pe.leg.br\/portal\/index.php?rest_route=\/wp\/v2\/pages\/3389\/revisions\/4093"}],"wp:attachment":[{"href":"https:\/\/goiana.pe.leg.br\/portal\/index.php?rest_route=%2Fwp%2Fv2%2Fmedia&parent=3389"}],"curies":[{"name":"wp","href":"https:\/\/api.w.org\/{rel}","templated":true}]}}