{"id":43,"date":"2021-01-20T10:59:15","date_gmt":"2021-01-20T12:59:15","guid":{"rendered":"http:\/\/goiana.pe.leg.br\/?page_id=43"},"modified":"2021-01-20T10:59:15","modified_gmt":"2021-01-20T12:59:15","slug":"historia-do-municipio","status":"publish","type":"page","link":"https:\/\/goiana.pe.leg.br\/portal\/?page_id=43","title":{"rendered":"Hist\u00f3ria do Munic\u00edpio"},"content":{"rendered":"\n<p>Gent\u00edlico: goianense<\/p>\n\n\n\n<p>As terras do munic\u00edpio foram habitadas, antes da presen\u00e7a dos brancos civilizados, pelos \u00edndios Potigu\u00e1ras, Tabajaras e Caet\u00e9s. Os colonizadores chegaram, provavelmente, em 1534.<br><br>Goiana inicialmente se localizou no lote doado por El Rei de Portugal a Pero Lopes de Souza, fazendo parte, assim, da Capitania de Itamarac\u00e1. Como a povoa\u00e7\u00e3o situada no vale do Rio Goiana, que \u00e9 formado pela conflu\u00eancia dos rios Capibaribe-Mirim e Tracunha\u00e9m, passou a ser destacar na segunda metade do s\u00e9culo XVI, quando forma fundados os primeiros engenhos, apesar da hostilidade do \u00edndios Tabajaras e Caet\u00e9s, que viviam na regi\u00e3o. <\/p>\n\n\n\n<p>Alguns desses engenhos foram destru\u00eddos pelos ind\u00edgenas de fato que motivou a organiza\u00e7\u00e3o de expedi\u00e7\u00f5es de conquistas compostas de portugueses vindos da Para\u00edba.<\/p>\n\n\n\n<p><br>Durante o s\u00e9culo XIX as atividades comerciais tiveram grande import\u00e2ncia no munic\u00edpio, gra\u00e7as ao movimento do seu porto, atrav\u00e9s do qual eram escoadas as mercadorias provenientes do interior. O top\u00f4nimo do munic\u00edpio aparece pela primeira vez nos cat\u00e1logos da Companhia de Jesus, em 1592, com o nome de aldeia de ?Gueena?. O mesmo documento, em 1606, registra-o com a grafia modificada para ?Goyana? e, finalmente Goiana. Alguns estudiosos dizem que Goiana \u00e9 palavra de origem da l\u00edngua tupi e significa: gente estimada. Outros fil\u00f3logos divergem e dizem ter o significado de: mistura ou parente e, ainda, Frei Vicente de Salvador, em 1627, definiu como sendo: porto ou ancoradouro.<\/p>\n\n\n\n<p><br><strong>Forma\u00e7\u00e3o Administrativa<\/strong><br>Distrito criado com a denomina\u00e7\u00e3o de Goiana, em 1568.<\/p>\n\n\n\n<p>Elevado \u00e0 categoria de vila com a denomina\u00e7\u00e3o de Goiana, por provis\u00e3o R\u00e9gia de 15-01-1685.<\/p>\n\n\n\n<p>Elevado novamente \u00e0 categoria de vila com a denomina\u00e7\u00e3o de Goiana, em 06-10-1742.<br>Elevado \u00e0 categoria de cidade e sede do munic\u00edpio com a mesma denomina\u00e7\u00e3o, pela lei provincial n\u00ba 86, de 05-05-1840.<\/p>\n\n\n\n<p>Pela lei provincial n 461, de 20-05-1859, \u00e9 criado o distrito de Nossa Senhora do \u00d3 e anexado ao munic\u00edpio de Goiana.<br><br>Pela lei municipal n\u00ba 28, de 07-07-1896, \u00e9 criado o distrito de Goianinha e anexado ao munic\u00edpio de Goiana.<br><br>Por alvar\u00e1 de 16-12-1785 \u00e9 criado o distrito de Tejucopapo e anexado ao munic\u00edpio de Goiana.<br><br>Pela lei municipal n\u00ba 11, de 24-11-1892, \u00e9 criado o distrio de Ponta de Pedras e anexado ao munic\u00edpio de Goiana.<br><br>Em divis\u00e3o administrativa referente ao ano de 1911, o munic\u00edpio \u00e9 constitu\u00eddo de 5 distritos:Goiana, Goianinha, Nossa Senhora do \u00d3, Tejucupapo e Ponta de Pedra.<br><br>Pela lei municipal n\u00ba 129, de 27-09-1912, \u00e9 criado o distrito de Areias e anexado ao munic\u00edpio de Goiana.<br><br>Pela lei estadual n 1931, de 11-09-1928, desmembra do munic\u00edpio de Goiana o distrito de Nossa Senhora do \u00d3. Para formar o novo munic\u00edpio de Alian\u00e7a.<br>Em divis\u00e3o administrativa referente ao ano de 1933, o munic\u00edpio \u00e9 constitu\u00eddo de 5 distritos: Goiana, Goianinha, Areias, Tejucopapo e Ponta de Pedras.<br><br>Pelo decreto-lei estadual n\u00ba 952, de 31-12-1943, o distrito de Goianinha passou a denominar-se Condado e o distrito de Areias a denominar-se Itaquitinga.<br><br>No quadro fixado para vigorar no per\u00edodo de 1944-1948, o munic\u00edpio \u00e9 constitu\u00eddo de 5 distritos: Goiana, Condado ex-Goianinha, Itaquitinga ex-Areias, Pontas de Pedra e Tejucopapo.<br><br>Em divis\u00e3o territorial datada de I-VII-1950, o munic\u00edpio \u00e9 constitu\u00eddo de 5 distritos: Goiana, Condado, Itaquitinga, Pontas de Pedra e Tejucopapo.<br><br>Pela lei estadual n\u00ba 3340, de 31-12-1958, desmembra do munic\u00edpio de Goiana o distrito de Condado. Elevado \u00e0 categoria de munic\u00edpio.<br><br>Assim permanecendo em divis\u00e3o territorial datada de I-VII-1960.<br>Pela lei estadual n\u00ba 4950, de 20-12-1963, desmembra do munic\u00edpio de Goiana, o distrito de Pontas de Pedra. Elevado \u00e0 categoria de munic\u00edpio.<br><br>Pela lei estadual n\u00ba 4962, de 20-12-1963, desmembra do munic\u00edpio de Goiana o distrito de Itaquitinga. Elevado \u00e0 categoria de munic\u00edpio.<br><br>Em divis\u00e3o territorial datada de 31-XII-1963, o munic\u00edpio \u00e9 constitu\u00eddo de 2 distritos: Goiana e Tejucopapo.<br><br>Pelo ac\u00f3rd\u00e3o do tribunal de justi\u00e7a, mandado de seguran\u00e7a n\u00ba 57098, de 27-08-1964, o munic\u00edpio de Pontas de Pedra \u00e9 extinto, sendo seu territ\u00f3rio anexado ao munic\u00edpio de Goiana.<br><br>Em divis\u00e3o territorial datada de I-I-1979, munic\u00edpio \u00e9 constitu\u00eddo de 3 distritos: Goiana, Pontas de Pedra e Tejucopapo.<br><br>Assim permanecendo em divis\u00e3o territorial datada de 2005.<\/p>\n\n\n\n<p>Fonte: IBGE<\/p>\n","protected":false},"excerpt":{"rendered":"<p>Gent\u00edlico: goianense As terras do munic\u00edpio foram habitadas, antes da presen\u00e7a dos brancos civilizados, pelos \u00edndios Potigu\u00e1ras, Tabajaras e Caet\u00e9s. Os colonizadores chegaram, provavelmente, em 1534. Goiana inicialmente se localizou no lote doado por El Rei de Portugal a Pero Lopes de Souza, fazendo parte, assim, da Capitania de Itamarac\u00e1. Como a povoa\u00e7\u00e3o situada no&hellip; <a class=\"more-link\" href=\"https:\/\/goiana.pe.leg.br\/portal\/?page_id=43\">Continue lendo <span class=\"screen-reader-text\">Hist\u00f3ria do Munic\u00edpio<\/span><\/a><\/p>\n","protected":false},"author":1,"featured_media":0,"parent":0,"menu_order":0,"comment_status":"closed","ping_status":"closed","template":"","meta":{"_monsterinsights_skip_tracking":false,"_monsterinsights_sitenote_active":false,"_monsterinsights_sitenote_note":"","_monsterinsights_sitenote_category":0,"footnotes":""},"class_list":["post-43","page","type-page","status-publish","hentry","entry"],"_links":{"self":[{"href":"https:\/\/goiana.pe.leg.br\/portal\/index.php?rest_route=\/wp\/v2\/pages\/43","targetHints":{"allow":["GET"]}}],"collection":[{"href":"https:\/\/goiana.pe.leg.br\/portal\/index.php?rest_route=\/wp\/v2\/pages"}],"about":[{"href":"https:\/\/goiana.pe.leg.br\/portal\/index.php?rest_route=\/wp\/v2\/types\/page"}],"author":[{"embeddable":true,"href":"https:\/\/goiana.pe.leg.br\/portal\/index.php?rest_route=\/wp\/v2\/users\/1"}],"replies":[{"embeddable":true,"href":"https:\/\/goiana.pe.leg.br\/portal\/index.php?rest_route=%2Fwp%2Fv2%2Fcomments&post=43"}],"version-history":[{"count":0,"href":"https:\/\/goiana.pe.leg.br\/portal\/index.php?rest_route=\/wp\/v2\/pages\/43\/revisions"}],"wp:attachment":[{"href":"https:\/\/goiana.pe.leg.br\/portal\/index.php?rest_route=%2Fwp%2Fv2%2Fmedia&parent=43"}],"curies":[{"name":"wp","href":"https:\/\/api.w.org\/{rel}","templated":true}]}}